r of 21040 and 640?
80
Calculate the greatest common divisor of 99762 and 273.
39
What is the highest common divisor of 842460 and 40?
20
What is the highest common factor of 351 and 239434?
13
Calculate the highest common divisor of 310026 and 2.
2
Calculate the highest common divisor of 3111 and 30561.
183
Calculate the greatest common factor of 2093 and 7475.
299
Calculate the greatest common divisor of 7458 and 132.
66
What is the greatest common divisor of 332 and 12367?
83
Calculate the greatest common factor of 285683 and 69.
23
Calculate the highest common factor of 39431 and 112.
7
Calculate the greatest common factor of 5070 and 4110.
30
Calculate the highest common divisor of 1722 and 7790.
82
What is the highest common divisor of 4045104 and 84?
84
Calculate the highest common factor of 168 and 8472.
24
Calculate the highest common factor of 12717 and 57462.
471
What is the greatest common factor of 119 and 1536409?
119
What is the highest common factor of 93483 and 261?
9
Calculate the highest common divisor of 1015 and 745.
5
Calculate the highest common divisor of 598 and 396750.
46
What is the greatest common factor of 3222 and 2370318?
1074
What is the greatest common factor of 379 and 59503?
379
Calculate the highest common divisor of 4251 and 9672.
39
What is the highest common factor of 7 and 219933?
7
Calculate the highest common divisor of 5797 and 220.
11
Calculate the highest common divisor of 596 and 1076.
4
Calculate the highest common factor of 646218 and 243.
81
What is the greatest common factor of 40050 and 200?
50
What is the greatest common divisor of 59584 and 6916?
532
Calculate the greatest common factor of 418 and 2118.
2
Calculate the highest common divisor of 320710 and 260.
130
Calculate the highest common factor of 56 and 3118.
2
Calculate the greatest common divisor of 4125 and 2055.
15
What is the highest common factor of 16 and 1834384?
16
Calculate the highest common divisor of 555 and 1605.
15
What is the greatest common factor of 3285 and 584?
73
What is the highest common divisor of 28 and 51752?
4
What is the greatest common divisor of 23606 and 2035?
407
Calculate the highest common divisor of 10020 and 140.
20
Calculate the greatest common factor of 2988 and 284358.
498
What is the highest common factor of 13059 and 45?
9
Calculate the highest common factor of 4700 and 260.
20
Calculate the highest common factor of 1974 and 188.
94
Calculate the highest common factor of 94 and 2110582.
94
What is the greatest common factor of 9482 and 33?
11
Calculate the greatest common divisor of 84 and 10594612.
28
What is the highest common divisor of 1852384 and 1623?
541
Calculate the highest common divisor of 45 and 424377.
9
Calculate the greatest common factor of 64670 and 9628.
58
Calculate the highest common divisor of 55365 and 1305.
15
What is the highest common factor of 8160 and 25440?
480
Calculate the highest common factor of 49 and 6311.
1
What is the greatest common factor of 95 and 23805?
5
Calculate the greatest common divisor of 270 and 45410.
10
What is the highest common factor of 187 and 2835855?
187
Calculate the highest common factor of 27611 and 2.
1
Calculate the highest common divisor of 20175 and 1650.
75
Calculate the highest common divisor of 1958 and 84461.
89
Calculate the greatest common divisor of 645 and 18015.
15
Calculate the greatest common factor of 224760 and 24.
24
What is the highest common factor of 1640 and 1816?
8
Calculate the highest common factor of 11865 and 7.
7
Calculate the greatest common divisor of 253 and 5764.
11
Calculate the highest common factor of 66 and 3278.
22
What is the highest common factor of 86 and 44333?
43
Calculate the greatest common factor of 5850 and 351.
117
What is the greatest common factor of 13 and 65637?
13
What is the greatest common divisor of 927 and 21733?
103
What is the highest common divisor of 36511 and 13?
1
What is the highest common divisor of 114670 and 10?
10
Calculate the highest common divisor of 25172 and 84.
28
What is the greatest common divisor of 58930 and 1310?
10
What is the highest common factor of 856 and 3176?
8
What is the highest common divisor of 16439 and 34?
17
Calculate the highest common factor of 50533 and 56.
7
What is the greatest common divisor of 10988 and 2296?
164
Calculate the greatest common factor of 1339 and 442.
13
Calculate the greatest common divisor of 170 and 180370.
170
What is the highest common divisor of 76 and 2?
2
What is the highest common divisor of 38378 and 124?
62
Calculate the highest common factor of 414 and 3322764.
414
What is the highest common divisor of 68642 and 238?
14
Calculate the highest common factor of 24932664 and 18.
18
Calculate the greatest common divisor of 85598 and 3033.
337
What is the greatest common factor of 60163 and 51?
17
What is the highest common factor of 60 and 133940?
20
What is the highest common divisor of 2122358 and 14?
14
What is the highest common divisor of 1644 and 614856?
1644
What is the highest common factor of 2539428 and 4?
4
What is the greatest common divisor of 1417 and 12099?
109
Calculate the greatest common divisor of 88027 and 113.
113
Calculate the highest common factor of 58 and 19894.
58
What is the highest common factor of 136 and 10540?
68
What is the highest common factor of 474801 and 101?
101
What is the greatest common divisor of 11404 and 4?
4
What is the highest common divisor of 611 and 10763?
47
Calculate the greatest common factor of 47063 and 19.
19
What is the highest common factor of 2526724 and 8?
4
Calculate the highest common divisor of 42539 and 7.
7
What is the greatest common factor of 3200 and 7350?
50
What is the greatest common divisor of 49538 and 523063?
1457
Calculate the greatest common factor of 76 and 186884.
76
Calculate the highest common factor of 69432 and 9240.
264
What is the highest common divisor of 30 and 403060?
10
What is the greatest common divisor of 20540 and 6175?
65
Calculate the greatest common divisor of 164307 and 429.
429
What is the greatest common factor of 20968 and 80?
8
Calculate the highest common divisor of 88780 and 69.
23
Calculate the greatest common factor of 17480 and 10355.
95
Calculate the greatest common factor of 194579 and 11191.
361
Calculate the greatest common divisor of 2368 and 629.
37
Calculate the highest common factor of 444 and 1739.
37
Calculate the highest common divisor of 14 and 30966.
2
Calculate the highest common divisor of 209 and 5747500.
209
Calculate the greatest common divisor of 6751 and 473.
43
Calculate the highest common factor of 2108 and 10664.
124
Calculate the greatest common factor of 10388 and 2450.
98
What is the highest common factor of 2059 and 54741?
71
Calculate the greatest common factor of 2263 and 7957.
73
What is the greatest common divisor of 104 and 125016?
8
What is the highest common factor of 21294 and 1536?
6
What is the greatest common factor of 4833 and 4077?
27
Calculate the greatest common divisor of 37934 and 1586.
26
What is the greatest common divisor of 10488 and 48024?
552
What is the greatest common factor of 1390336 and 768?
256
Calculate the highest common factor of 126 and 120050.
14
Calculate the highest common divisor of 3799989 and 83.
83
Calculate the highest common divisor of 153 and 8064.
9
What is the greatest common factor of 3069 and 91512?
279
Calculate the highest common factor of 7077 and 6573.
21
What is the greatest common divisor of 63619 and 2815?
563
What is the highest common factor of 54 and 2619?
27
What is the highest common factor of 11316 and 460?
92
What is the greatest common divisor of 145432 and 45368?
424
Calculate the greatest common factor of 1176 and 63406.
98
Calculate the greatest common factor of 13960 and 266985.
1745
Calculate the greatest common divisor of 32740 and 40.
20
What is the highest common factor of 80628 and 1116?
12
Calculate the highest common divisor of 19511 and 981.
109
Calculate the greatest common factor of 189 and 45213.
21
What is the greatest common divisor of 361 and 602870?
361
What is the highest common divisor of 90 and 9810210?
30
What is the highest common divisor of 744420 and 3420?
1140
Calculate the highest common divisor o